{"id":1599,"date":"2015-08-04T14:29:26","date_gmt":"2015-08-04T12:29:26","guid":{"rendered":"http:\/\/krolewo.pl\/?page_id=1599"},"modified":"2018-08-26T15:34:12","modified_gmt":"2018-08-26T13:34:12","slug":"oddzial-przedszkolny","status":"publish","type":"page","link":"http:\/\/krolewo.pl\/?page_id=1599","title":{"rendered":"ODDZIA\u0141 PRZEDSZKOLNY"},"content":{"rendered":"<p style=\"text-align: justify;\">Nasz oddzia\u0142 przedszkolny pracuje zgodnie z za\u0142o\u017ceniami nowej PODSTAWY PROGRAMOWEJ, zamieszczonej w zak\u0142adce &#8220;Dokumenty&#8221;.<\/p>\n<p style=\"text-align: justify;\">Celem wychowania przedszkolnego jest:<\/p>\n<p style=\"text-align: justify;\">1)\u00a0\u00a0\u00a0\u00a0\u00a0 wspomaganie dzieci w rozwijaniu uzdolnie\u0144 oraz kszta\u0142towanie czynno\u015bci intelektualnych potrzebnych dzieciom w codziennych sytuacjach i w dalszej edukacji;<\/p>\n<p style=\"text-align: justify;\">2)\u00a0\u00a0\u00a0\u00a0\u00a0 budowanie systemu warto\u015bci, w tym wychowywanie dzieci tak, \u017ceby lepiej orientowa\u0142y si\u0119 w tym, co jest dobre, a co z\u0142e;<\/p>\n<p style=\"text-align: justify;\">3)\u00a0\u00a0\u00a0\u00a0\u00a0 kszta\u0142towanie u dzieci odporno\u015bci emocjonalnej koniecznej do racjonalnego radzenia sobie w nowych i trudnych sytuacjach, w tym tak\u017ce do \u0142agodnego znoszenia stres\u00f3w i\u00a0pora\u017cek;<\/p>\n<p style=\"text-align: justify;\">4)\u00a0\u00a0\u00a0\u00a0\u00a0 \u00a0rozwijanie umiej\u0119tno\u015bci spo\u0142ecznych dzieci, kt\u00f3re s\u0105 niezb\u0119dne w poprawnych relacjach z dzie\u0107mi i doros\u0142ymi;<\/p>\n<p style=\"text-align: justify;\">5)\u00a0\u00a0\u00a0\u00a0\u00a0 \u00a0stwarzanie warunk\u00f3w sprzyjaj\u0105cych wsp\u00f3lnej i zgodnej zabawie oraz nauce dzieci o\u00a0zr\u00f3\u017cnicowanych mo\u017cliwo\u015bciach fizycznych i intelektualnych;<\/p>\n<p style=\"text-align: justify;\">6)\u00a0\u00a0\u00a0\u00a0\u00a0 troska o zdrowie dzieci i ich sprawno\u015b\u0107 fizyczn\u0105; zach\u0119canie do uczestnictwa w\u00a0zabawach i grach sportowych;<\/p>\n<p style=\"text-align: justify;\">7)\u00a0\u00a0\u00a0\u00a0\u00a0 budowanie dzieci\u0119cej wiedzy o \u015bwiecie spo\u0142ecznym, przyrodniczym i technicznym oraz rozwijanie umiej\u0119tno\u015bci prezentowania swoich przemy\u015ble\u0144 w spos\u00f3b zrozumia\u0142y dla innych;<\/p>\n<p style=\"text-align: justify;\">8)\u00a0\u00a0\u00a0\u00a0\u00a0 wprowadzenie dzieci w \u015bwiat warto\u015bci estetycznych i rozwijanie umiej\u0119tno\u015bci wypowiadania si\u0119 poprzez muzyk\u0119, taniec, \u015bpiew, ma\u0142e formy teatralne oraz sztuki plastyczne;<\/p>\n<p style=\"text-align: justify;\">9)\u00a0\u00a0\u00a0\u00a0\u00a0 kszta\u0142towanie u dzieci poczucia przynale\u017cno\u015bci spo\u0142ecznej (do rodziny, grupy r\u00f3wie\u015bniczej i wsp\u00f3lnoty narodowej) oraz postawy patriotycznej;<\/p>\n<p style=\"text-align: justify;\">10)\u00a0 zapewnienie dzieciom lepszych szans edukacyjnych poprzez wspieranie ich ciekawo\u015bci, aktywno\u015bci i samodzielno\u015bci, a tak\u017ce kszta\u0142towanie tych wiadomo\u015bci i\u00a0umiej\u0119tno\u015bci, kt\u00f3re s\u0105 wa\u017cne w edukacji szkolnej;<\/p>\n<p style=\"text-align: justify;\">11)\u00a0 przygotowanie dzieci do pos\u0142ugiwania si\u0119 j\u0119zykiem obcym nowo\u017cytnym poprzez rozbudzanie ich \u015bwiadomo\u015bci j\u0119zykowej i wra\u017cliwo\u015bci kulturowej oraz budowanie pozytywnej motywacji do nauki j\u0119zyk\u00f3w obcych na dalszych etapach edukacyjnych, a\u00a0w przypadku dzieci z upo\u015bledzeniem umys\u0142owym w stopniu umiarkowanym lub znacznym -rozwijanie \u015bwiadomo\u015bci istnienia odmienno\u015bci j\u0119zykowej i kulturowej.<\/p>\n<p style=\"text-align: justify;\">Oddzia\u0142 przedszkolny przy Szkole Podstawowej w Kr\u00f3lewie promuje zdrowy i bezpieczny styl \u017cycia oraz aktywno\u015b\u0107 w r\u00f3\u017cnych sferach rozwoju.<\/p>\n<p style=\"text-align: justify;\">Wychowankowie w trakcie pobytu w oddziale przedszkolnym ustawicznie uczestnicz\u0105 w\u00a0\u017cyciu szko\u0142y i w naturalny spos\u00f3b- po zako\u0144czeniu \u201ekariery przedszkolaka\u201d staja si\u0119 uczniami szko\u0142y.<\/p>\n<p style=\"text-align: justify;\" align=\"center\">Zapewniamy wszystkim dzieciom wszechstronny rozw\u00f3j osobowo\u015bciowy oraz \u0142agodne przej\u015bcie z przedszkola do szko\u0142y.<\/p>\n<p>&nbsp;<\/p>\n<p style=\"text-align: justify;\">Dbamy o wyrabianie nawyk\u00f3w profilaktyki zdrowotnej organizuj\u0105c optymalne warunki do aktywno\u015bci fizycznej i aktywnego wypoczynku i relaksacji. S\u0142u\u017cy temu bogato wyposa\u017cona sala do zaj\u0119\u0107 ruchowych. Dzieci uczestnicz\u0105 w realizacji wielu program\u00f3w o tre\u015bciach profilaktyki zdrowotnej, np. \u201e Czyste powietrze wok\u00f3\u0142 nas\u201d, \u201e Chro\u0144 si\u0119 przed kleszczami wszystkimi sposobami\u2019- pilotowanych przez PSSE w P\u0142o\u0144sku. Uczestnicz\u0105 w programach \u201eOwoce i warzywa w szkole\u201d oraz \u201e Mleko w szkole\u201d ( dzieci otrzymuj\u0105 owoce , warzywa \u00a0 mleko) prowadzonych przez ARR. Wychowankowie maja te\u017c mo\u017cliwo\u015b\u0107 korzystania z\u00a0obiad\u00f3w.<\/p>\n<p>&nbsp;<\/p>\n\n\t\t<style type=\"text\/css\">\n\t\t\t#gallery-1 {\n\t\t\t\tmargin: auto;\n\t\t\t}\n\t\t\t#gallery-1 .gallery-item {\n\t\t\t\tfloat: left;\n\t\t\t\tmargin-top: 10px;\n\t\t\t\ttext-align: center;\n\t\t\t\twidth: 33%;\n\t\t\t}\n\t\t\t#gallery-1 img {\n\t\t\t\tborder: 2px solid #cfcfcf;\n\t\t\t}\n\t\t\t#gallery-1 .gallery-caption {\n\t\t\t\tmargin-left: 0;\n\t\t\t}\n\t\t\t\/* see gallery_shortcode() in wp-includes\/media.php *\/\n\t\t<\/style>\n\t\t<div id='gallery-1' class='gallery galleryid-1599 gallery-columns-3 gallery-size-thumbnail'><dl class='gallery-item'>\n\t\t\t<dt class='gallery-icon landscape'>\n\t\t\t\t<a href='http:\/\/krolewo.pl\/?attachment_id=1095'><img width=\"150\" height=\"150\" src=\"http:\/\/krolewo.pl\/wp-content\/uploads\/2014\/12\/20141121_134042-150x150.jpg\" class=\"attachment-thumbnail size-thumbnail\" alt=\"\" decoding=\"async\" loading=\"lazy\" \/><\/a>\n\t\t\t<\/dt><\/dl><dl class='gallery-item'>\n\t\t\t<dt class='gallery-icon landscape'>\n\t\t\t\t<a href='http:\/\/krolewo.pl\/?attachment_id=1094'><img width=\"150\" height=\"150\" src=\"http:\/\/krolewo.pl\/wp-content\/uploads\/2014\/12\/20141121_134027-150x150.jpg\" class=\"attachment-thumbnail size-thumbnail\" alt=\"\" decoding=\"async\" loading=\"lazy\" \/><\/a>\n\t\t\t<\/dt><\/dl><dl class='gallery-item'>\n\t\t\t<dt class='gallery-icon landscape'>\n\t\t\t\t<a href='http:\/\/krolewo.pl\/?attachment_id=1093'><img width=\"150\" height=\"150\" src=\"http:\/\/krolewo.pl\/wp-content\/uploads\/2014\/12\/20141121_134014-150x150.jpg\" class=\"attachment-thumbnail size-thumbnail\" alt=\"\" decoding=\"async\" loading=\"lazy\" \/><\/a>\n\t\t\t<\/dt><\/dl><br style=\"clear: both\" \/><dl class='gallery-item'>\n\t\t\t<dt class='gallery-icon portrait'>\n\t\t\t\t<a href='http:\/\/krolewo.pl\/?attachment_id=1092'><img width=\"150\" height=\"150\" src=\"http:\/\/krolewo.pl\/wp-content\/uploads\/2014\/12\/20141121_133948-150x150.jpg\" class=\"attachment-thumbnail size-thumbnail\" alt=\"\" decoding=\"async\" loading=\"lazy\" \/><\/a>\n\t\t\t<\/dt><\/dl><dl class='gallery-item'>\n\t\t\t<dt class='gallery-icon landscape'>\n\t\t\t\t<a href='http:\/\/krolewo.pl\/?attachment_id=1026'><img width=\"150\" height=\"150\" src=\"http:\/\/krolewo.pl\/wp-content\/uploads\/2014\/11\/pa\u017adziernik-2014-0761-150x150.jpg\" class=\"attachment-thumbnail size-thumbnail\" alt=\"\" decoding=\"async\" loading=\"lazy\" \/><\/a>\n\t\t\t<\/dt><\/dl><dl class='gallery-item'>\n\t\t\t<dt class='gallery-icon landscape'>\n\t\t\t\t<a href='http:\/\/krolewo.pl\/?attachment_id=1025'><img width=\"150\" height=\"150\" src=\"http:\/\/krolewo.pl\/wp-content\/uploads\/2014\/11\/pa\u017adziernik-2014-0631-150x150.jpg\" class=\"attachment-thumbnail size-thumbnail\" alt=\"\" decoding=\"async\" loading=\"lazy\" \/><\/a>\n\t\t\t<\/dt><\/dl><br style=\"clear: both\" \/><dl class='gallery-item'>\n\t\t\t<dt class='gallery-icon portrait'>\n\t\t\t\t<a href='http:\/\/krolewo.pl\/?attachment_id=1024'><img width=\"150\" height=\"150\" src=\"http:\/\/krolewo.pl\/wp-content\/uploads\/2014\/11\/pa\u017adziernik-2014-0581-150x150.jpg\" class=\"attachment-thumbnail size-thumbnail\" alt=\"\" decoding=\"async\" loading=\"lazy\" \/><\/a>\n\t\t\t<\/dt><\/dl><dl class='gallery-item'>\n\t\t\t<dt class='gallery-icon landscape'>\n\t\t\t\t<a href='http:\/\/krolewo.pl\/?attachment_id=1023'><img width=\"150\" height=\"150\" src=\"http:\/\/krolewo.pl\/wp-content\/uploads\/2014\/11\/pa\u017adziernik-2014-0121-150x150.jpg\" class=\"attachment-thumbnail size-thumbnail\" alt=\"\" decoding=\"async\" loading=\"lazy\" \/><\/a>\n\t\t\t<\/dt><\/dl><dl class='gallery-item'>\n\t\t\t<dt class='gallery-icon landscape'>\n\t\t\t\t<a href='http:\/\/krolewo.pl\/?attachment_id=1141'><img width=\"150\" height=\"150\" src=\"http:\/\/krolewo.pl\/wp-content\/uploads\/2015\/01\/20140519_134851-150x150.jpg\" class=\"attachment-thumbnail size-thumbnail\" alt=\"\" decoding=\"async\" loading=\"lazy\" \/><\/a>\n\t\t\t<\/dt><\/dl><br style=\"clear: both\" \/><dl class='gallery-item'>\n\t\t\t<dt class='gallery-icon landscape'>\n\t\t\t\t<a href='http:\/\/krolewo.pl\/?attachment_id=1104'><img width=\"150\" height=\"150\" src=\"http:\/\/krolewo.pl\/wp-content\/uploads\/2015\/01\/20141219_084817-150x150.jpg\" class=\"attachment-thumbnail size-thumbnail\" alt=\"\" decoding=\"async\" loading=\"lazy\" \/><\/a>\n\t\t\t<\/dt><\/dl><dl class='gallery-item'>\n\t\t\t<dt class='gallery-icon landscape'>\n\t\t\t\t<a href='http:\/\/krolewo.pl\/?attachment_id=1032'><img width=\"150\" height=\"150\" src=\"http:\/\/krolewo.pl\/wp-content\/uploads\/2014\/11\/czerwiec-2014-284-150x150.jpg\" class=\"attachment-thumbnail size-thumbnail\" alt=\"\" decoding=\"async\" loading=\"lazy\" \/><\/a>\n\t\t\t<\/dt><\/dl><dl class='gallery-item'>\n\t\t\t<dt class='gallery-icon landscape'>\n\t\t\t\t<a href='http:\/\/krolewo.pl\/?attachment_id=1022'><img width=\"150\" height=\"150\" src=\"http:\/\/krolewo.pl\/wp-content\/uploads\/2014\/11\/0051-150x150.jpg\" class=\"attachment-thumbnail size-thumbnail\" alt=\"\" decoding=\"async\" loading=\"lazy\" \/><\/a>\n\t\t\t<\/dt><\/dl><br style=\"clear: both\" \/><dl class='gallery-item'>\n\t\t\t<dt class='gallery-icon landscape'>\n\t\t\t\t<a href='http:\/\/krolewo.pl\/?attachment_id=865'><img width=\"150\" height=\"150\" src=\"http:\/\/krolewo.pl\/wp-content\/uploads\/2014\/10\/pa\u017adziernik-2014-080-150x150.jpg\" class=\"attachment-thumbnail size-thumbnail\" alt=\"\" decoding=\"async\" loading=\"lazy\" \/><\/a>\n\t\t\t<\/dt><\/dl><dl class='gallery-item'>\n\t\t\t<dt class='gallery-icon landscape'>\n\t\t\t\t<a href='http:\/\/krolewo.pl\/?attachment_id=774'><img width=\"150\" height=\"150\" src=\"http:\/\/krolewo.pl\/wp-content\/uploads\/2014\/11\/pa\u017adziernik-2014-075-150x150.jpg\" class=\"attachment-thumbnail size-thumbnail\" alt=\"\" decoding=\"async\" loading=\"lazy\" \/><\/a>\n\t\t\t<\/dt><\/dl><dl class='gallery-item'>\n\t\t\t<dt class='gallery-icon landscape'>\n\t\t\t\t<a href='http:\/\/krolewo.pl\/?attachment_id=765'><img width=\"150\" height=\"150\" src=\"http:\/\/krolewo.pl\/wp-content\/uploads\/2014\/11\/pa\u017adziernik-2014-064-150x150.jpg\" class=\"attachment-thumbnail size-thumbnail\" alt=\"\" decoding=\"async\" loading=\"lazy\" \/><\/a>\n\t\t\t<\/dt><\/dl><br style=\"clear: both\" \/><dl class='gallery-item'>\n\t\t\t<dt class='gallery-icon portrait'>\n\t\t\t\t<a href='http:\/\/krolewo.pl\/?attachment_id=747'><img width=\"150\" height=\"150\" src=\"http:\/\/krolewo.pl\/wp-content\/uploads\/2014\/11\/pa\u017adziernik-2014-010-150x150.jpg\" class=\"attachment-thumbnail size-thumbnail\" alt=\"\" decoding=\"async\" loading=\"lazy\" \/><\/a>\n\t\t\t<\/dt><\/dl><dl class='gallery-item'>\n\t\t\t<dt class='gallery-icon landscape'>\n\t\t\t\t<a href='http:\/\/krolewo.pl\/?attachment_id=530'><img width=\"150\" height=\"150\" src=\"http:\/\/krolewo.pl\/wp-content\/uploads\/2014\/03\/5-150x150.jpg\" class=\"attachment-thumbnail size-thumbnail\" alt=\"\" decoding=\"async\" loading=\"lazy\" \/><\/a>\n\t\t\t<\/dt><\/dl><dl class='gallery-item'>\n\t\t\t<dt class='gallery-icon landscape'>\n\t\t\t\t<a href='http:\/\/krolewo.pl\/?attachment_id=447'><img width=\"150\" height=\"150\" src=\"http:\/\/krolewo.pl\/wp-content\/uploads\/2014\/03\/20140312_123115-150x150.jpg\" class=\"attachment-thumbnail size-thumbnail\" alt=\"\" decoding=\"async\" loading=\"lazy\" \/><\/a>\n\t\t\t<\/dt><\/dl><br style=\"clear: both\" \/><dl class='gallery-item'>\n\t\t\t<dt class='gallery-icon landscape'>\n\t\t\t\t<a href='http:\/\/krolewo.pl\/?attachment_id=1227'><img width=\"150\" height=\"150\" src=\"http:\/\/krolewo.pl\/wp-content\/uploads\/2015\/02\/20150207_115802-e1423610997209-150x150.jpg\" class=\"attachment-thumbnail size-thumbnail\" alt=\"\" decoding=\"async\" loading=\"lazy\" \/><\/a>\n\t\t\t<\/dt><\/dl>\n\t\t\t<br style='clear: both' \/>\n\t\t<\/div>\n\n","protected":false},"excerpt":{"rendered":"<p>Nasz oddzia\u0142 przedszkolny pracuje zgodnie z za\u0142o\u017ceniami nowej PODSTAWY PROGRAMOWEJ, zamieszczonej w zak\u0142adce &#8220;Dokumenty&#8221;. Celem wychowania przedszkolnego jest: 1)\u00a0\u00a0\u00a0\u00a0\u00a0 wspomaganie dzieci w rozwijaniu uzdolnie\u0144 oraz kszta\u0142towanie czynno\u015bci intelektualnych potrzebnych dzieciom w codziennych sytuacjach i w dalszej edukacji; 2)\u00a0\u00a0\u00a0\u00a0\u00a0 budowanie systemu warto\u015bci, w tym wychowywanie dzieci tak, \u017ceby lepiej orientowa\u0142y si\u0119 w tym, co jest dobre, [&hellip;]<\/p>\n","protected":false},"author":2,"featured_media":0,"parent":0,"menu_order":0,"comment_status":"closed","ping_status":"closed","template":"","meta":{"ngg_post_thumbnail":0,"footnotes":""},"_links":{"self":[{"href":"http:\/\/krolewo.pl\/index.php?rest_route=\/wp\/v2\/pages\/1599"}],"collection":[{"href":"http:\/\/krolewo.pl\/index.php?rest_route=\/wp\/v2\/pages"}],"about":[{"href":"http:\/\/krolewo.pl\/index.php?rest_route=\/wp\/v2\/types\/page"}],"author":[{"embeddable":true,"href":"http:\/\/krolewo.pl\/index.php?rest_route=\/wp\/v2\/users\/2"}],"replies":[{"embeddable":true,"href":"http:\/\/krolewo.pl\/index.php?rest_route=%2Fwp%2Fv2%2Fcomments&post=1599"}],"version-history":[{"count":9,"href":"http:\/\/krolewo.pl\/index.php?rest_route=\/wp\/v2\/pages\/1599\/revisions"}],"predecessor-version":[{"id":3670,"href":"http:\/\/krolewo.pl\/index.php?rest_route=\/wp\/v2\/pages\/1599\/revisions\/3670"}],"wp:attachment":[{"href":"http:\/\/krolewo.pl\/index.php?rest_route=%2Fwp%2Fv2%2Fmedia&parent=1599"}],"curies":[{"name":"wp","href":"https:\/\/api.w.org\/{rel}","templated":true}]}}