{"id":6052,"date":"2021-03-21T19:13:03","date_gmt":"2021-03-21T18:13:03","guid":{"rendered":"http:\/\/krolewo.pl\/?page_id=6052"},"modified":"2026-02-16T22:48:46","modified_gmt":"2026-02-16T21:48:46","slug":"rekrutacja-2021-2021","status":"publish","type":"page","link":"http:\/\/krolewo.pl\/?page_id=6052","title":{"rendered":"Poradnik rekrutacyjny"},"content":{"rendered":"<p style=\"text-align: center;\"><strong>PORADNIK REKRUTACYJNY DLA RODZIC\u00d3W<br>ubiegaj\u0105cych si\u0119 o przyj\u0119cie dziecka do Oddzia\u0142u Przedszkolnego&nbsp; na rok szkolny 2026\/2027<\/strong><\/p>\n<p><strong>&nbsp;<\/strong><\/p>\n<ol>\n<li style=\"list-style-type: none;\">\n<ol>\n<li style=\"text-align: justify;\">Do oddzia\u0142\u00f3w przedszkolnych przyjmuje si\u0119 kandydat\u00f3w zamieszka\u0142ych na terenie Gminy Joniec.<\/li>\n<li style=\"text-align: justify;\">W post\u0119powaniu rekrutacyjnym na rok szkolny 2026\/2027 bior\u0105 udzia\u0142 dzieci w wieku od trzech do sze\u015bciu lat. W szczeg\u00f3lnie uzasadnionych przypadkach przedszkole mo\u017ce przyj\u0105\u0107 dziecko w wieku 2,5 roku.<\/li>\n<li style=\"text-align: justify;\">W roku szkolnym 2026\/20257 obowi\u0105zek odbycia rocznego przygotowania przedszkolnego maj\u0105 dzieci 6 \u2013 letnie, a prawo do wychowania przedszkolnego maj\u0105 dzieci 3, 4 i 5 letnie.<\/li>\n<li style=\"text-align: justify;\">Post\u0119powanie rekrutacyjne dla dzieci zapisywanych do przedszkola po raz pierwszy prowadzone jest na pisemny wniosek rodzic\u00f3w z\u0142o\u017cony u Dyrektora szko\u0142y Podstawowej w Kr\u00f3lewie.<\/li>\n<li style=\"text-align: justify;\">Rodzice dzieci, kt\u00f3re ucz\u0119szcza\u0142y do oddzia\u0142u przedszkolnego w Szkole Podstawowej w Kr\u00f3lewie sk\u0142adaj\u0105 na kolejny rok szkolny deklaracj\u0119 o kontynuowaniu wychowania przedszkolnego w terminie 7 dni poprzedzaj\u0105cych termin rozpocz\u0119cia post\u0119powania rekrutacyjnego.<\/li>\n<li style=\"text-align: justify;\">Post\u0119powanie rekrutacyjne jest prowadzone na wniosek rodzic\u00f3w kandydata. Wype\u0142niony wniosek podpisuje oboje rodzic\u00f3w\/ prawnych opiekun\u00f3w co stanowi potwierdzenie zgodno\u015bci informacji zawartych we wniosku ze stanem faktycznym. Wa\u017cne, aby wniosek by\u0142 kompletny<br>i z\u0142o\u017cony w terminie.<\/li>\n<li style=\"text-align: justify;\">Post\u0119powanie rekrutacyjne przeprowadza komisja rekrutacyjna powo\u0142ana przez Dyrektora Szko\u0142y<\/li>\n<\/ol>\n<\/li>\n<\/ol>\n<ul>\n<li style=\"list-style-type: none;\">\n<ul>\n<li style=\"list-style-type: none;\">\n<ul style=\"text-align: justify;\">\n<li>Od 15 lutego do 30 marca 2026 r. wydawanie i przyjmowanie wniosk\u00f3w o przyj\u0119cie do oddzia\u0142u przedszkolnego<\/li>\n<li>Od 31 marca do 8 kwietnia 2026 r. \u2013 potwierdzenie &nbsp;przez rodzica kandydata woli przyj\u0119cia w postaci pisemnego o\u015bwiadczenia.<\/li>\n<\/ul>\n<\/li>\n<\/ul>\n<\/li>\n<\/ul>\n<p>Za zgod\u0105 organu prowadz\u0105cego do oddzia\u0142u przedszkolnego mog\u0105 by\u0107 przyj\u0119ci kandydaci zamieszkali poza obszarem gminy, je\u017celi po przeprowadzeniu post\u0119powania rekrutacyjnego oraz uzupe\u0142niaj\u0105cego dany oddzia\u0142 dysponuje nadal wolnymi miejscami.<\/p>\n\n\n<div class=\"wp-block-file\"><a id=\"wp-block-file--media-777a2fb9-b7ba-4592-8895-bf86dac0836f\" href=\"http:\/\/krolewo.pl\/wp-content\/uploads\/2026\/02\/wniosek-3-456-latek-2.doc\">wz\u00f3r wniosku <\/a><a href=\"http:\/\/krolewo.pl\/wp-content\/uploads\/2026\/02\/wniosek-3-456-latek-2.doc\" class=\"wp-block-file__button wp-element-button\" download aria-describedby=\"wp-block-file--media-777a2fb9-b7ba-4592-8895-bf86dac0836f\">Pobierz<\/a><\/div>\n","protected":false},"excerpt":{"rendered":"<p>PORADNIK REKRUTACYJNY DLA RODZIC\u00d3Wubiegaj\u0105cych si\u0119 o przyj\u0119cie dziecka do Oddzia\u0142u Przedszkolnego&nbsp; na rok szkolny 2026\/2027 &nbsp; Do oddzia\u0142\u00f3w przedszkolnych przyjmuje si\u0119 kandydat\u00f3w zamieszka\u0142ych na terenie Gminy Joniec. W post\u0119powaniu rekrutacyjnym na rok szkolny 2026\/2027 bior\u0105 udzia\u0142 dzieci w wieku od trzech do sze\u015bciu lat. W szczeg\u00f3lnie uzasadnionych przypadkach przedszkole mo\u017ce przyj\u0105\u0107 dziecko w wieku 2,5 [&hellip;]<\/p>\n","protected":false},"author":2,"featured_media":0,"parent":0,"menu_order":0,"comment_status":"closed","ping_status":"closed","template":"","meta":{"ngg_post_thumbnail":0,"footnotes":""},"_links":{"self":[{"href":"http:\/\/krolewo.pl\/index.php?rest_route=\/wp\/v2\/pages\/6052"}],"collection":[{"href":"http:\/\/krolewo.pl\/index.php?rest_route=\/wp\/v2\/pages"}],"about":[{"href":"http:\/\/krolewo.pl\/index.php?rest_route=\/wp\/v2\/types\/page"}],"author":[{"embeddable":true,"href":"http:\/\/krolewo.pl\/index.php?rest_route=\/wp\/v2\/users\/2"}],"replies":[{"embeddable":true,"href":"http:\/\/krolewo.pl\/index.php?rest_route=%2Fwp%2Fv2%2Fcomments&post=6052"}],"version-history":[{"count":9,"href":"http:\/\/krolewo.pl\/index.php?rest_route=\/wp\/v2\/pages\/6052\/revisions"}],"predecessor-version":[{"id":6590,"href":"http:\/\/krolewo.pl\/index.php?rest_route=\/wp\/v2\/pages\/6052\/revisions\/6590"}],"wp:attachment":[{"href":"http:\/\/krolewo.pl\/index.php?rest_route=%2Fwp%2Fv2%2Fmedia&parent=6052"}],"curies":[{"name":"wp","href":"https:\/\/api.w.org\/{rel}","templated":true}]}}

<p style="text-align: center;"><strong>PORADNIK REKRUTACYJNY DLA RODZICÓW<br>ubiegających się o przyjęcie dziecka do Oddziału Przedszkolnego&nbsp; na rok szkolny 2026/2027</strong></p>
<p><strong>&nbsp;</strong></p>
<ol>
<li style="list-style-type: none;">
<ol>
<li style="text-align: justify;">Do oddziałów przedszkolnych przyjmuje się kandydatów zamieszkałych na terenie Gminy Joniec.</li>
<li style="text-align: justify;">W postępowaniu rekrutacyjnym na rok szkolny 2026/2027 biorą udział dzieci w wieku od trzech do sześciu lat. W szczególnie uzasadnionych przypadkach przedszkole może przyjąć dziecko w wieku 2,5 roku.</li>
<li style="text-align: justify;">W roku szkolnym 2026/20257 obowiązek odbycia rocznego przygotowania przedszkolnego mają dzieci 6 – letnie, a prawo do wychowania przedszkolnego mają dzieci 3, 4 i 5 letnie.</li>
<li style="text-align: justify;">Postępowanie rekrutacyjne dla dzieci zapisywanych do przedszkola po raz pierwszy prowadzone jest na pisemny wniosek rodziców złożony u Dyrektora szkoły Podstawowej w Królewie.</li>
<li style="text-align: justify;">Rodzice dzieci, które uczęszczały do oddziału przedszkolnego w Szkole Podstawowej w Królewie składają na kolejny rok szkolny deklarację o kontynuowaniu wychowania przedszkolnego w terminie 7 dni poprzedzających termin rozpoczęcia postępowania rekrutacyjnego.</li>
<li style="text-align: justify;">Postępowanie rekrutacyjne jest prowadzone na wniosek rodziców kandydata. Wypełniony wniosek podpisuje oboje rodziców/ prawnych opiekunów co stanowi potwierdzenie zgodności informacji zawartych we wniosku ze stanem faktycznym. Ważne, aby wniosek był kompletny<br>i złożony w terminie.</li>
<li style="text-align: justify;">Postępowanie rekrutacyjne przeprowadza komisja rekrutacyjna powołana przez Dyrektora Szkoły</li>
</ol>
</li>
</ol>
<ul>
<li style="list-style-type: none;">
<ul>
<li style="list-style-type: none;">
<ul style="text-align: justify;">
<li>Od 15 lutego do 30 marca 2026 r. wydawanie i przyjmowanie wniosków o przyjęcie do oddziału przedszkolnego</li>
<li>Od 31 marca do 8 kwietnia 2026 r. – potwierdzenie &nbsp;przez rodzica kandydata woli przyjęcia w postaci pisemnego oświadczenia.</li>
</ul>
</li>
</ul>
</li>
</ul>
<p>Za zgodą organu prowadzącego do oddziału przedszkolnego mogą być przyjęci kandydaci zamieszkali poza obszarem gminy, jeżeli po przeprowadzeniu postępowania rekrutacyjnego oraz uzupełniającego dany oddział dysponuje nadal wolnymi miejscami.</p>


<div class="wp-block-file"><a id="wp-block-file--media-777a2fb9-b7ba-4592-8895-bf86dac0836f" href="http://krolewo.pl/wp-content/uploads/2026/02/wniosek-3-456-latek-2.doc">wzór wniosku </a><a href="http://krolewo.pl/wp-content/uploads/2026/02/wniosek-3-456-latek-2.doc" class="wp-block-file__button wp-element-button" download aria-describedby="wp-block-file--media-777a2fb9-b7ba-4592-8895-bf86dac0836f">Pobierz</a></div>

<p>PORADNIK REKRUTACYJNY DLA RODZICÓWubiegających się o przyjęcie dziecka do Oddziału Przedszkolnego&nbsp; na rok szkolny 2026/2027 &nbsp; Do oddziałów przedszkolnych przyjmuje się kandydatów zamieszkałych na terenie Gminy Joniec. W postępowaniu rekrutacyjnym na rok szkolny 2026/2027 biorą udział dzieci w wieku od trzech do sześciu lat. W szczególnie uzasadnionych przypadkach przedszkole może przyjąć dziecko w wieku 2,5 [&hellip;]</p>
