{"id":6212,"date":"2022-11-12T16:40:51","date_gmt":"2022-11-12T15:40:51","guid":{"rendered":"http:\/\/krolewo.pl\/?page_id=6212"},"modified":"2022-11-12T16:40:52","modified_gmt":"2022-11-12T15:40:52","slug":"laboratoria-przyszlosci","status":"publish","type":"page","link":"http:\/\/krolewo.pl\/?page_id=6212","title":{"rendered":"Laboratoria przysz\u0142o\u015bci"},"content":{"rendered":"\n<p>\n<strong>Laboratoria\nPrzysz\u0142o\u015bci<\/strong>\nto&nbsp;inicjatywa edukacyjna realizowana przez&nbsp;Ministerstwo\nEdukacji i&nbsp;Nauki we&nbsp;wsp\u00f3\u0142pracy z&nbsp;Centrum GovTech\nw&nbsp;Kancelarii Prezesa Rady Ministr\u00f3w. Nasz\u0105 wsp\u00f3ln\u0105 misj\u0105\njest stworzenie nowoczesnej szko\u0142y, w&nbsp;kt\u00f3rej&nbsp;zaj\u0119cia\nb\u0119d\u0105 prowadzone w&nbsp;spos\u00f3b ciekawy, anga\u017cuj\u0105cy uczni\u00f3w\noraz&nbsp;sprzyjaj\u0105cy odkrywaniu ich talent\u00f3w i&nbsp;rozwijaniu\nzainteresowa\u0144.<\/p>\n\n\n\n<p>\n<strong>Kreatywne\nmy\u015blenie<\/strong>\noraz&nbsp;obs\u0142uga narz\u0119dzi to&nbsp;jedne z&nbsp;podstawowych\numiej\u0119tno\u015bci decyduj\u0105cych o&nbsp;rozwoju cywilizacyjnym,\ngospodarczym i\u202fspo\u0142ecznym. Wzrost innowacyjno\u015bci oraz&nbsp;rozw\u00f3j\ntechnologiczny spowodowa\u0142, \u017ce&nbsp;umiej\u0119tno\u015bci matematyczne,\nw&nbsp;zakresie nauk przyrodniczych, technologii i&nbsp;in\u017cynierii\ns\u0105&nbsp;dzi\u015b wa\u017cniejsze ni\u017c\u202fkiedykolwiek wcze\u015bniej.&nbsp;<\/p>\n\n\n\n<p>\n<strong>Celem podj\u0119tej\ninicjatywy<\/strong>\njest wsparcie szko\u0142y  w&nbsp;budowaniu w\u015br\u00f3d uczni\u00f3w kompetencji\nprzysz\u0142o\u015bci z&nbsp;tzw. kierunk\u00f3w STEAM (nauka, technologia,\nin\u017cynieria, sztuka oraz&nbsp;matematyka). W&nbsp;ramach Laboratori\u00f3w\nPrzysz\u0142o\u015bci szko\u0142a otrzyma\u0142a  od&nbsp;pa\u0144stwa wsparcie finansowe\nwarte  30.000,00 z\u0142. Wsparcie to wykorzystali\u015bmy na&nbsp;zakup\nwyposa\u017cenia technicznego potrzebnego w\u202fkszta\u0142towaniu i\u202frozwijaniu\numiej\u0119tno\u015bci manualnych i&nbsp;technicznych, umiej\u0119tno\u015bci\nsamodzielnego i&nbsp;krytycznego my\u015blenia, zdolno\u015bci my\u015blenia\nmatematycznego oraz&nbsp;umiej\u0119tno\u015bci w&nbsp;zakresie nauk\nprzyrodniczych, technologii i&nbsp;in\u017cynierii, stosowania\ntechnologii informacyjno-komunikacyjnych, jak r\u00f3wnie\u017c pracy\nzespo\u0142owej, dobrej organizacji i&nbsp;dbania o\u202fporz\u0105dek\nna&nbsp;stanowisku pracy oraz&nbsp;radzenia sobie w&nbsp;\u017cyciu\ncodziennym.&nbsp;<\/p>\n\n\n\n<p>\n Dzi\u0119ki temu nasi\nuczniowie b\u0119d\u0105 mogli uczy\u0107 si\u0119 poprzez eksperymentowanie\ni&nbsp;zdobywa\u0107 w&nbsp;ten spos\u00f3b praktyczne umiej\u0119tno\u015bci. Wiemy,\n\u017ce k<strong>reatywne\nmy\u015blenie<\/strong>\noraz&nbsp;obs\u0142uga narz\u0119dzi to&nbsp;jedne z&nbsp;podstawowych\numiej\u0119tno\u015bci decyduj\u0105cych o&nbsp;rozwoju cywilizacyjnym,\ngospodarczym i\u202fspo\u0142ecznym. Wzrost innowacyjno\u015bci oraz&nbsp;rozw\u00f3j\ntechnologiczny spowodowa\u0142, \u017ce&nbsp;umiej\u0119tno\u015bci matematyczne,\nw&nbsp;zakresie nauk przyrodniczych, technologii i&nbsp;in\u017cynierii\ns\u0105&nbsp;dzi\u015b wa\u017cniejsze ni\u017c\u202fkiedykolwiek wcze\u015bniej.&nbsp;<\/p>\n\n\n\n<p>\nDlatego &#8211; w\nramach zaj\u0119\u0107 przedmiotowych oraz ( od przysz\u0142ego roku szkolnego)\ndodatkowych zaj\u0119\u0107 pozalekcyjnych &#8211; uczniowie mog\u0105\nbudowa\u0107 swoje  kompetencje kreatywne i&nbsp;techniczne. \n<\/p>\n\n\n\n<p>\n<strong>Kreatywne\nmy\u015blenie<\/strong>\noraz&nbsp;obs\u0142uga narz\u0119dzi to&nbsp;jedne z&nbsp;podstawowych\numiej\u0119tno\u015bci decyduj\u0105cych o&nbsp;rozwoju cywilizacyjnym,\ngospodarczym i\u202fspo\u0142ecznym. Wzrost innowacyjno\u015bci oraz&nbsp;rozw\u00f3j\ntechnologiczny spowodowa\u0142, \u017ce&nbsp;umiej\u0119tno\u015bci matematyczne,\nw&nbsp;zakresie nauk przyrodniczych, technologii i&nbsp;in\u017cynierii\ns\u0105&nbsp;dzi\u015b wa\u017cniejsze ni\u017c\u202fkiedykolwiek wcze\u015bniej.&nbsp;<\/p>\n","protected":false},"excerpt":{"rendered":"<p>Laboratoria Przysz\u0142o\u015bci to&nbsp;inicjatywa edukacyjna realizowana przez&nbsp;Ministerstwo Edukacji i&nbsp;Nauki we&nbsp;wsp\u00f3\u0142pracy z&nbsp;Centrum GovTech w&nbsp;Kancelarii Prezesa Rady Ministr\u00f3w. Nasz\u0105 wsp\u00f3ln\u0105 misj\u0105 jest stworzenie nowoczesnej szko\u0142y, w&nbsp;kt\u00f3rej&nbsp;zaj\u0119cia b\u0119d\u0105 prowadzone w&nbsp;spos\u00f3b ciekawy, anga\u017cuj\u0105cy uczni\u00f3w oraz&nbsp;sprzyjaj\u0105cy odkrywaniu ich talent\u00f3w i&nbsp;rozwijaniu zainteresowa\u0144. Kreatywne my\u015blenie oraz&nbsp;obs\u0142uga narz\u0119dzi to&nbsp;jedne z&nbsp;podstawowych umiej\u0119tno\u015bci decyduj\u0105cych o&nbsp;rozwoju cywilizacyjnym, gospodarczym i\u202fspo\u0142ecznym. Wzrost innowacyjno\u015bci oraz&nbsp;rozw\u00f3j technologiczny spowodowa\u0142, \u017ce&nbsp;umiej\u0119tno\u015bci matematyczne, w&nbsp;zakresie [&hellip;]<\/p>\n","protected":false},"author":2,"featured_media":0,"parent":0,"menu_order":0,"comment_status":"closed","ping_status":"closed","template":"","meta":{"ngg_post_thumbnail":0,"footnotes":""},"_links":{"self":[{"href":"http:\/\/krolewo.pl\/index.php?rest_route=\/wp\/v2\/pages\/6212"}],"collection":[{"href":"http:\/\/krolewo.pl\/index.php?rest_route=\/wp\/v2\/pages"}],"about":[{"href":"http:\/\/krolewo.pl\/index.php?rest_route=\/wp\/v2\/types\/page"}],"author":[{"embeddable":true,"href":"http:\/\/krolewo.pl\/index.php?rest_route=\/wp\/v2\/users\/2"}],"replies":[{"embeddable":true,"href":"http:\/\/krolewo.pl\/index.php?rest_route=%2Fwp%2Fv2%2Fcomments&post=6212"}],"version-history":[{"count":1,"href":"http:\/\/krolewo.pl\/index.php?rest_route=\/wp\/v2\/pages\/6212\/revisions"}],"predecessor-version":[{"id":6213,"href":"http:\/\/krolewo.pl\/index.php?rest_route=\/wp\/v2\/pages\/6212\/revisions\/6213"}],"wp:attachment":[{"href":"http:\/\/krolewo.pl\/index.php?rest_route=%2Fwp%2Fv2%2Fmedia&parent=6212"}],"curies":[{"name":"wp","href":"https:\/\/api.w.org\/{rel}","templated":true}]}}

Laboratoria przyszłości

<p>
<strong>Laboratoria
Przyszłości</strong>
to&nbsp;inicjatywa edukacyjna realizowana przez&nbsp;Ministerstwo
Edukacji i&nbsp;Nauki we&nbsp;współpracy z&nbsp;Centrum GovTech
w&nbsp;Kancelarii Prezesa Rady Ministrów. Naszą wspólną misją
jest stworzenie nowoczesnej szkoły, w&nbsp;której&nbsp;zajęcia
będą prowadzone w&nbsp;sposób ciekawy, angażujący uczniów
oraz&nbsp;sprzyjający odkrywaniu ich talentów i&nbsp;rozwijaniu
zainteresowań.</p>



<p>
<strong>Kreatywne
myślenie</strong>
oraz&nbsp;obsługa narzędzi to&nbsp;jedne z&nbsp;podstawowych
umiejętności decydujących o&nbsp;rozwoju cywilizacyjnym,
gospodarczym i społecznym. Wzrost innowacyjności oraz&nbsp;rozwój
technologiczny spowodował, że&nbsp;umiejętności matematyczne,
w&nbsp;zakresie nauk przyrodniczych, technologii i&nbsp;inżynierii
są&nbsp;dziś ważniejsze niż kiedykolwiek wcześniej.&nbsp;</p>



<p>
<strong>Celem podjętej
inicjatywy</strong>
jest wsparcie szkoły  w&nbsp;budowaniu wśród uczniów kompetencji
przyszłości z&nbsp;tzw. kierunków STEAM (nauka, technologia,
inżynieria, sztuka oraz&nbsp;matematyka). W&nbsp;ramach Laboratoriów
Przyszłości szkoła otrzymała  od&nbsp;państwa wsparcie finansowe
warte  30.000,00 zł. Wsparcie to wykorzystaliśmy na&nbsp;zakup
wyposażenia technicznego potrzebnego w kształtowaniu i rozwijaniu
umiejętności manualnych i&nbsp;technicznych, umiejętności
samodzielnego i&nbsp;krytycznego myślenia, zdolności myślenia
matematycznego oraz&nbsp;umiejętności w&nbsp;zakresie nauk
przyrodniczych, technologii i&nbsp;inżynierii, stosowania
technologii informacyjno-komunikacyjnych, jak również pracy
zespołowej, dobrej organizacji i&nbsp;dbania o porządek
na&nbsp;stanowisku pracy oraz&nbsp;radzenia sobie w&nbsp;życiu
codziennym.&nbsp;</p>



<p>
 Dzięki temu nasi
uczniowie będą mogli uczyć się poprzez eksperymentowanie
i&nbsp;zdobywać w&nbsp;ten sposób praktyczne umiejętności. Wiemy,
że k<strong>reatywne
myślenie</strong>
oraz&nbsp;obsługa narzędzi to&nbsp;jedne z&nbsp;podstawowych
umiejętności decydujących o&nbsp;rozwoju cywilizacyjnym,
gospodarczym i społecznym. Wzrost innowacyjności oraz&nbsp;rozwój
technologiczny spowodował, że&nbsp;umiejętności matematyczne,
w&nbsp;zakresie nauk przyrodniczych, technologii i&nbsp;inżynierii
są&nbsp;dziś ważniejsze niż kiedykolwiek wcześniej.&nbsp;</p>



<p>
Dlatego &#8211; w
ramach zajęć przedmiotowych oraz ( od przyszłego roku szkolnego)
dodatkowych zajęć pozalekcyjnych &#8211; uczniowie mogą
budować swoje  kompetencje kreatywne i&nbsp;techniczne. 
</p>



<p>
<strong>Kreatywne
myślenie</strong>
oraz&nbsp;obsługa narzędzi to&nbsp;jedne z&nbsp;podstawowych
umiejętności decydujących o&nbsp;rozwoju cywilizacyjnym,
gospodarczym i społecznym. Wzrost innowacyjności oraz&nbsp;rozwój
technologiczny spowodował, że&nbsp;umiejętności matematyczne,
w&nbsp;zakresie nauk przyrodniczych, technologii i&nbsp;inżynierii
są&nbsp;dziś ważniejsze niż kiedykolwiek wcześniej.&nbsp;</p>

<p>Laboratoria Przyszłości to&nbsp;inicjatywa edukacyjna realizowana przez&nbsp;Ministerstwo Edukacji i&nbsp;Nauki we&nbsp;współpracy z&nbsp;Centrum GovTech w&nbsp;Kancelarii Prezesa Rady Ministrów. Naszą wspólną misją jest stworzenie nowoczesnej szkoły, w&nbsp;której&nbsp;zajęcia będą prowadzone w&nbsp;sposób ciekawy, angażujący uczniów oraz&nbsp;sprzyjający odkrywaniu ich talentów i&nbsp;rozwijaniu zainteresowań. Kreatywne myślenie oraz&nbsp;obsługa narzędzi to&nbsp;jedne z&nbsp;podstawowych umiejętności decydujących o&nbsp;rozwoju cywilizacyjnym, gospodarczym i społecznym. Wzrost innowacyjności oraz&nbsp;rozwój technologiczny spowodował, że&nbsp;umiejętności matematyczne, w&nbsp;zakresie [&hellip;]</p>
